 prime?
False
Suppose q = -2, 2*z - 380*q - 45572 = -383*q. Is z a prime number?
False
Let z(f) = -13*f**2 - f**3 - 3*f + 9*f**2 + 2*f**3. Let l be z(5). Suppose -l*t + 9*t = -133. Is t a prime number?
False
Suppose 3*k - 893 - 895 = 0. Suppose 2619 + k = 5*c. Suppose 0 = -2*b - 3*l - 0*l + c, 0 = b - 5*l - 354. Is b prime?
False
Suppose -22*v + 10198412 + 23878690 = 155*v. Is v prime?
False
Suppose 0 = 6*f - 0*f + 73464. Let p = -4539 - f. Suppose o + 2*o = m + 4634, 5*o = -2*m + p. Is o composite?
False
Let m = -198713 + 297136. Suppose -5*c - 8128 + m = 0. Is c a prime number?
True
Suppose 0 = -2*v - 6, -5*s - v - 108369 + 789311 = 0. Is s a prime number?
True
Is 1380406/10 + ((-8)/18)/(640/(-576)) prime?
True
Suppose -2*s - 3*s + 177 = -r, -2*s = -5*r - 57. Suppose s*m = 42*m - 134778. Is m a prime number?
False
Suppose -1407626 = -4*l + 2*r, -5*r + 1055726 = 12*l - 9*l. Is l a prime number?
False
Suppose 58223 + 194817 = 40*q. Is q prime?
False
Is (-2682621)/(-27)*6 - (2 - -5) a prime number?
False
Suppose 5*f - 789901 = -4*f + 2*f. Is f composite?
False
Let y be (1 - -6143) + (-11 - (-2 + -8)). Suppose y = -5*f + 21688. Is f a prime number?
True
Suppose -5*j - 196*k = -198*k - 364291, 2*k + 291432 = 4*j. Is j a composite number?
False
Let p(y) = -y + 2. Let d be p(0). Suppose d + 5 = q - f, -5*q - 2*f + 7 = 0. Suppose 2*v + q*v - 25165 = 0. Is v composite?
True
Let f(u) = 5*u**2 - 28*u + 22373. Is f(0) prime?
False
Let y = -202944 - -553081. Is y a prime number?
True
Suppose x = 3*k + 6*x - 121596, -2*x + 121605 = 3*k. Is k composite?
True
Let b be (-698)/14 - 4/28. Let q be 2*(-5)/b - 869/(-5). Let x = 365 - q. Is x a composite number?
False
Let k be ((-94)/4)/((0 + -3)/1506). Suppose 5*o - k = 7893. Suppose -4*s - 5*u = -s - 5907, 0 = 2*s - 2*u - o. Is s a prime number?
False
Let o be -6*5 + 5/15*9. Let i = o - -12. Is (-50382)/i - (-2)/10 composite?
False
Let g be 4 + (-4 - (2 + -27009)*1). Suppose -14*v + 10*v - 36008 = -4*k, 0 = 3*k - 2*v - g. Is k composite?
True
Suppose 0 = -5*h + 21 - 1. Suppose -3*y = -7*y + h*o + 576, y = 4*o + 138. Is y composite?
True
Suppose -2*t = -3*t + 2*p + 146191, -4*p + 584716 = 4*t. Is t a composite number?
True
Let c(z) be the second derivative of 19/2*z**2 + 0 - 4/3*z**3 + 1/3*z**4 + z. Is c(-10) composite?
False
Is 6371972/44 + 18/(-33) a composite number?
False
Let x be (-88)/(-6) - (-5)/15. Suppose 4*k = -k - x. Is 1/k*(-22524 + 3) prime?
True
Let g(v) = -v**2 + 15*v + 31. Let x(l) = 2*l**2 - 44*l - 92. Let z(t) = -7*g(t) - 2*x(t). Let s be z(-14). Let m = s + -300. Is m a prime number?
False
Let f = -55395 - -99496. Is f composite?
False
Suppose -4*f + 773137 = -5*m, -6*f - m = -3*f - 579848. Is f prime?
True
Suppose -1858780 = -17*t + 1152039. Is t a composite number?
True
Suppose -4*n + 5*u = -110 - 27, -2*u = -n + 32. Suppose 35*i = n*i - 15. Suppose -l + 4*l + i*w = 358, 0 = -w - 1. Is l a composite number?
True
Let n = -4193 - -7515. Suppose 5*v - 44508 = n. Suppose 2*u - 6*u - 5*i + 12813 = 0, -3*u + v = -5*i. Is u prime?
False
Suppose -12*j - 4159 = 3257. Let m = j + 1409. Is m a prime number?
False
Let z = -205 - -205. Let p(j) = -j**2 - 5*j + 877. Is p(z) a prime number?
True
Let n(j) = j**3 + 7*j**2 + 12*j + 3011351. Is n(0) a prime number?
False
Suppose 4*o - 257 = -r + 451, 2*r - o = 1371. Suppose 5*y - r - 3162 = 0. Suppose 2758 - y = 4*c. Is c prime?
False
Let h(z) = -z**2 - z + 12. Let i be h(-3). Let x be (i/4*-2)/(-1). Suppose -3*n = -3*b + 1002, 5*n + 322 = -2*b + x*b. Is b a prime number?
True
Suppose 4*t - 5*t + 29718 = 5437. Is t a composite number?
False
Let g be 1/(-6)*-4 - 47130/(-18). Let w be (1 + -2)*-5 - 1. Suppose -3*o = w*p - g, o = p - 3*p + 871. Is o prime?
True
Let l(v) = v**2 + 7*v - 65. Let c be l(5). Is c - (8 - (7312 + -2)) composite?
False
Let i(n) = 2. Let f(t) = 125*t + 70. Let b(j) = -f(j) + 2*i(j). Is b(-17) prime?
False
Let j = 14 + -3. Let x(a) = a**3 - 9*a**2 - 23*a + 14. Let n be x(j). Suppose 2*w - 189 = -k + 456, -5*k - 948 = -n*w. Is w a prime number?
False
Let f(s) = 968*s**2 + s + 233. Is f(-8) a prime number?
False
Let c = -51 + 375. Let i = 111 - c. Let w = 626 + i. Is w composite?
True
Let k(i) = 965749*i + 178. Is k(1) a composite number?
False
Suppose -4*l + 4*m = 0, l + 5*m - 27 = 3. Let h(p) = 36*p**3 + p**2 + 8*p + 14. Is h(l) composite?
True
Suppose -1 + 29 = o. Suppose -29*l = -o*l - 1255. Is l a composite number?
True
Let p = -74325 - -339566. Is p prime?
True
Let t(g) = 26*g**3 - 2*g**2 - 2*g + 11. Let m = 126 - 119. Is t(m) a prime number?
False
Let i(w) = 266*w**2 - 72*w + 1987. Is i(35) prime?
False
Let o be (6/9 + -1)*(-405)/45. Suppose -3*a = -6*c + 2*c + 10861, -o*c + 8167 = 2*a. Is c a composite number?
False
Let d be (-4)/2*(-55)/10. Suppose d*n - 3381 = 6442. Is n a prime number?
False
Let y(z) = z**3 + 5*z**2 - 16*z - 463. Is y(41) a prime number?
True
Suppose -8*t + 95 = -3*t + 5*z, -5*t - 4*z + 93 = 0. Let m(q) = -26*q + t + 13*q - 27*q - 42*q. Is m(-8) a prime number?
True
Let m = -3 - -6. Suppose -4*a - a + 4583 = -s, -4*a + 3672 = 2*s. Suppose m*p - a = 4*r, 5*p - r - 1201 = p. Is p a composite number?
True
Let q(j) = -48*j - 21. Let r(m) = -8*m**3 + m. Let o be r(1). Let w be q(o). Suppose -3*x + 118 = 2*k - 4, 5*k - w = -5*x. Is k prime?
True
Suppose 0 = 3*o - 381 + 18. Let v = 125 - o. Is (4/(-8))/(v/(-6328)) composite?
True
Let b(i) = 6*i**3 - 16*i**2 - 9*i - 10. Let s(f) = f**3 - 32*f**2 - 32*f - 26. Let m be s(33). Let h be b(m). Let q = -458 + h. Is q prime?
True
Is (-5 - -2) + 7/((-231)/(-341))*16566 composite?
False
Let a = -62 + 61. Is (84519/54)/(a/(-6)) composite?
False
Suppose -1088075 = -p - 4*n, -2*n = 4*p + p - 5440537. Is p composite?
True
Let q be 10/(-45) + 318/(-27). Let w be (-120)/5*(-88)/q. Let b = 399 + w. Is b a prime number?
True
Is 6 + 396/(-60) + (-691632)/(-20) a composite number?
True
Let b(g) = 2 - 615*g**2 + 2*g + 664*g**2 - g. Let z be b(3). Let c = -129 + z. Is c composite?
False
Suppose x = -5*q + 88440, -125*x = -3*q - 122*x + 53046. Is q a composite number?
True
Let s be (-2)/(2 + (-84)/35). Suppose s*u = -4*c + 2089, 4*c - 5*u + 1568 = 7*c. Is c a prime number?
True
Let b be 3/(-1) + 70/5. Suppose -b*k + 140 = -4*k. Suppose -14*q = -k*q + 1278. Is q a prime number?
False
Let w(j) be the second derivative of -1/6*j**4 - 1/6*j**3 + 1/20*j**5 + 0 - 15/2*j**2 + 20*j. Is w(7) a composite number?
False
Let b(p) = 164*p**3 - p**2 + 5*p + 59. Is b(6) a prime number?
False
Let p(q) = 4*q - 44. Let u be p(13). Let v be 10*(-4)/u*1016/(-5). Suppose -12*y = -4*y - v. Is y a composite number?
False
Suppose -2*w - 2*j + 1267598 = -1357306, 2*w + 6*j = 2624884. Is w a prime number?
False
Suppose -2*l = -a + 1790, -3*l - 5367 = -3*a + 2*l. Suppose 0 = -3*y - a + 8243. Is y composite?
False
Suppose 0 = -2*v - 3*v - 115. Let f = v + 73. Is 5/(f/7905) + 2/4 composite?
True
Let r be (-253)/(-44) - (-2)/8. Let w be r/(-4) - (-70909)/46. Suppose 2*o - 8026 - w = 0. Is o prime?
True
Suppose 5*x - 11322 = 2*n - 116285, n - 52483 = 2*x. Is n a composite number?
False
Suppose -108*d + 9 = -109*d. Is (-9083)/d - 22/99 a prime number?
True
Suppose 5*d + 5*y = 9225, -4*y - 9198 = d - 6*d. Suppose -o + 4*o = d. Let c = o - 321. Is c a composite number?
False
Let k = 76 + -70. Let r be (-2*283/6)/((-1)/k). Suppose -509 = -5*p + r. Is p a prime number?
False
Let u(w) be the third derivative of 0*w + 0 - 31/6*w**4 - 9*w**2 + 7/6*w**3. Is u(-6) a prime number?
True
Let b(g) = 9*g**2 + 3*g - 17. Let q = -81 + 97. Suppose 3*c + 342 = -q*c. Is b(c) a prime number?
False
Let r(x) = 1446*x**3 - 14*x**2 + 14*x - 53. Is r(5) composite?
True
Suppose -2792 - 9876 = -19*b - 3111. Is b a composite number?
False
Let h be (-2)/(-1) + 3383 - (-3 - -2). Suppose -5*y + h = 2*i, 0*i + 8465 = 5*i - y. Is i prime?
True
Let d(c) be the third derivative of c**7/5040 + 839*c**6/720 - 7*c**5/30 + 12*c**2. Let l(f) be the third derivative of d(f). Is l(0) a prime number?
True
Let g(u) = 2*u**2 - 647*u - 14*u**3 + 644*u + 15*u**3 + 13873. Is g(0) a prime number?
True
Suppose -288*v = -153*v - 161*v + 2205658. Is v prime?
False
Let c(t) = 6*t + 7. Let m be c(14). Let q = m - 91. Suppose q = 5*i - n - 15139, 5*i + 4*n + 3043 = 6*i. Is i